False
Is 66 a factor of 131849982?
True
Does 3751 divide 39182946?
True
Is 123003672 a multiple of 298?
True
Does 271 divide 8955053?
False
Is 754 a factor of 79207700?
True
Is 247099295 a multiple of 31?
True
Does 80 divide 3084456843?
False
Is 897 a factor of 5030038467?
False
Is 4 a factor of 30402356?
True
Is 35601063 a multiple of 13?
False
Is 15 a factor of 4304695?
False
Does 3 divide 51821054?
False
Does 259 divide 6644831?
False
Does 31 divide 44355451?
True
Is 346494311 a multiple of 2361?
False
Does 283 divide 111429045?
False
Does 168 divide 452877768?
True
Is 10 a factor of 1014803633?
False
Is 1279 a factor of 18610515?
False
Is 22022000 a multiple of 130?
True
Is 579 a factor of 9262384?
False
Does 435 divide 641554530?
True
Is 3 a factor of 584922?
True
Is 9 a factor of 28432539?
True
Is 276 a factor of 15024406?
False
Is 746 a factor of 18163608?
True
Is 203507702 a multiple of 3684?
False
Is 51668112 a multiple of 344?
True
Does 123 divide 132756237?
True
Is 62252674 a multiple of 506?
True
Is 24957971 a multiple of 41?
True
Is 4734 a factor of 3511084716?
True
Does 30 divide 20367360?
True
Does 34 divide 5004715?
False
Is 3086 a factor of 1018466408?
True
Does 3 divide 28889387?
False
Does 411 divide 46034877?
True
Does 40 divide 1639891740?
False
Is 141035859 a multiple of 9?
True
Is 302689096 a multiple of 12?
False
Does 168 divide 8950368?
True
Does 460 divide 248445080?
True
Is 15152944 a multiple of 7?
False
Is 15 a factor of 54091271?
False
Does 17 divide 3577973?
True
Is 6369 a factor of 299285679?
True
Is 127 a factor of 22428271?
False
Is 1014 a factor of 187313178?
True
Is 7138387 a multiple of 778?
False
Is 418 a factor of 76230264?
False
Is 858 a factor of 605497464?
True
Does 214 divide 115806528?
True
Is 333 a factor of 146305625?
False
Is 158534586 a multiple of 21?
True
Is 310768104 a multiple of 118?
True
Is 16 a factor of 62867808?
True
Is 24 a factor of 660323184?
True
Is 650917993 a multiple of 8?
False
Is 178 a factor of 132730137?
False
Is 5 a factor of 1243862?
False
Is 36650252 a multiple of 22?
False
Is 1921 a factor of 7209176?
False
Is 886 a factor of 8847634?
False
Is 260 a factor of 3055590?
False
Does 34 divide 4778652?
False
Is 30 a factor of 35279846?
False
Is 106618120 a multiple of 3430?
True
Is 129238702 a multiple of 54?
False
Is 104748556 a multiple of 3127?
False
Is 457885476 a multiple of 15?
False
Is 22 a factor of 16631560?
True
Does 207 divide 8875746?
True
Is 2883088 a multiple of 334?
True
Is 555 a factor of 1425341506?
False
Is 505 a factor of 309780635?
True
Is 92619855 a multiple of 355?
True
Is 3260366 a multiple of 37?
True
Is 39 a factor of 2491613865?
True
Is 664959967 a multiple of 37?
True
Does 3280 divide 2387689120?
True
Is 1032332 a multiple of 961?
False
Does 1527 divide 58327573?
False
Does 1552 divide 195607081?
False
Is 6686681 a multiple of 662?
False
Does 82 divide 104950242?
True
Is 163755173 a multiple of 9?
False
Is 35075560 a multiple of 13?
True
Is 550975520 a multiple of 485?
True
Is 93 a factor of 282060630?
True
Is 6 a factor of 164262806?
False
Is 77 a factor of 8783549031?
False
Does 8 divide 40118536?
True
Does 5 divide 592731570?
True
Does 7010 divide 847530063?
False
Does 225 divide 98386035?
False
Is 47 a factor of 83168662?
True
Is 111196045 a multiple of 244?
False
Is 345085477 a multiple of 11?
True
Does 2432 divide 44661248?
True
Is 237 a factor of 32952243?
True
Is 28245728 a multiple of 73?
False
Is 34466421 a multiple of 11?
True
Does 6 divide 9475082?
False
Is 2442 a factor of 3326615341?
False
Is 1219350426 a multiple of 7?
True
Does 9 divide 345410455?
False
Is 7935495 a multiple of 57?
False
Is 558828361 a multiple of 102?
False
Is 2314 a factor of 22420346?
True
Does 189 divide 63914130?
True
Does 35 divide 463124324?
False
Is 604 a factor of 29088036?
True
Is 8 a factor of 375677582?
False
Is 56713788 a multiple of 1812?
True
Does 26 divide 11188028?
False
Does 8 divide 66396864?
True
Does 688 divide 49913024?
True
Is 736618874 a multiple of 697?
True
Is 707 a factor of 10607545?
False
Does 104 divide 16744447?
False
Is 662 a factor of 39819600?
False
Does 60 divide 52490280?
True
Is 94 a factor of 242947774?
False
Is 222 a factor of 27850289?
False
Does 618 divide 422891220?
True
Is 21095552 a multiple of 8?
True
Does 6 divide 23395968?
True
Is 114784413 a multiple of 5?
False
Is 9 a factor of 37516473?
True
Does 37 divide 102082930?
False
Is 392 a factor of 1628697370?
False
Is 499 a factor of 233242081?
True
Does 2458 divide 169159592?
False
Does 812 divide 144522027?
False
Is 1312719210 a multiple of 27?
True
Is 2542461729 a multiple of 101?
False
Is 3173319249 a multiple of 203?
False
Does 47 divide 1505145366?
False
Does 175 divide 17384325?
True
Is 41 a factor of 6945718?
False
Is 346 a factor of 1534579846?
False
Does 10 divide 1763990408?
False
Is 130 a factor of 47468712?
False
Is 239 a factor of 81163365?
False
Is 7 a factor of 31180053?
False
Is 15 a factor of 412185028?
False
Does 30 divide 146828904?
False
Does 61 divide 164697677?
False
Is 20357463 a multiple of 3?
True
Is 173971768 a multiple of 2849?
False
Does 41 divide 101932713?
False
Is 4686 a factor of 1557875078?
False
Is 2056 a factor of 141907968?
False
Does 3933 divide 1545346259?
False
Does 62 divide 6567184?
False
Does 53 divide 130679927?
True
Is 119 a factor of 7710129?
True
Does 1679 divide 102467113?
False
Does 485 divide 14784740?
True
Is 110605864 a multiple of 439?
False
Does 18 divide 2660135504?
False
Does 1907 divide 643040400?
True
Does 77 divide 5545120?
False
Is 3066980 a multiple of 19?
True
Does 35 divide 700896980?
True
Is 449881048 a multiple of 350?
False
Does 119 divide 3211493796?
False
Is 10 a factor of 3323670?
True
Is 3857560 a multiple of 40?
True
Is 102964983 a multiple of 927?
False
Does 17 divide 36036855?
True
Is 177286300 a multiple of 272?
False
Does 1307 divide 16172818?
True
Is 82 a factor of 43203750?
True
Is 17054785 a multiple of 37?
False
Is 2413312397 a multiple of 2384?
False
Does 5 divide 853705?
True
Is 22045834 a multiple of 178?
True
Is 78852390 a multiple of 3201?
False
Is 719099587 a multiple of 20?
False
Does 77 divide 3119214329?
True
Is 359 a factor of 282340988?
False
Is 342704 a multiple of 19?
False
Is 282862145 a multiple of 23?
False
Is 1313940214 a multiple of 246?
False
Is 299 a factor of 21230794?
True
Is 900 a factor of 108072900?
True
Is 249656870 a multiple of 2018?
True
Does 436 divide 113514780?
True
Is 13 a factor of 558288393?
True
Is 93272104 a multiple of 180?
False
Is 1561 a factor of 45006981?
False
Is 9 a factor of 479811546?
True
Is 2292 a factor of 99784512?
True
Is 269263808 a multiple of 24?
False
Does 131 divide 412492145?
True
Is 61592725 a multiple of 106?
False
Is 24860931 a multiple of 170?
False
Is 893 a factor of 88516839?
True
Is 68900830 a multiple of 170?
True
Does 12 divide 262083722?
False
Is 245223937 a multiple of 8?
False
Is 932143806 a multiple of 1518?
False
Does 593 divide 38054737?
False
Is 102 a factor of 63007774?
False
Does 51 divide 64691351?
False
Is 4569311685 a multiple of 7681?
True
Is 95 a factor of 1406720575?
True
Is 1958832117 a multiple of 173?
True
Is 526337480 a multiple of 4?
True
Is 13 a factor of 91833430?
True
Is 253198099 a multiple of 32?
False
Does 8 divide 301597335?
False
Is 21 a factor of 613939709?
False
Does 3551 divide 51919171?
True
Is 259463000 a multiple of 1150?
True
Is 3495 a factor of 663710985?
True
Is 64178004 a multiple of 23?
True
Is 973032107 a multiple of 10049?
False
Is 253339245 a multiple of 3?
True
Is 130 a factor of 35067890?
True
Does 21 divide 31351756?
False
Is 383730721 a multiple of 1746?
False
Does 11 divide 13221813?
True
Is 101 a factor of 14246858?
True
Is 15 a factor of 48493794?
False
Is 248 a factor of 48037391?
False
Is 288 a factor of 131509456?
False
Is 196 a factor of 13148299?
False
Does 1031 divide 690776186?
True
Is 10 a factor of 31234078?
False
Does 26 divide 25186475?
False
Is 273 a factor of 3921645?
True
Is 4669556675 a multiple of 389?
False
Is 223 a factor of 10446628?
False
Is 448031021 a multiple of 501?
False
Does 452 divide 17611728?
True
Is 23 a factor of 11007777?
True
Does 40 divide 2241957